{"id":84,"date":"2020-03-05T12:14:32","date_gmt":"2020-03-05T12:14:32","guid":{"rendered":"https:\/\/arcdeco-demo.bslthemes.com\/?page_id=84"},"modified":"2024-04-03T17:55:00","modified_gmt":"2024-04-03T22:55:00","slug":"services","status":"publish","type":"page","link":"https:\/\/lopezerazo.com\/index.php\/services\/","title":{"rendered":"Services"},"content":{"rendered":"\t\t<div data-elementor-type=\"wp-page\" data-elementor-id=\"84\" class=\"elementor elementor-84\" data-elementor-settings=\"[]\">\n\t\t\t\t\t\t\t<div class=\"elementor-section-wrap\">\n\t\t\t\t\t\t\t<section class=\"elementor-section elementor-top-section elementor-element elementor-element-4c56760 elementor-section-full_width elementor-section-height-default elementor-section-height-default\" data-id=\"4c56760\" data-element_type=\"section\">\n\t\t\t\t\t\t<div class=\"elementor-container elementor-column-gap-no\">\n\t\t\t\t\t<div class=\"elementor-column elementor-col-100 elementor-top-column elementor-element elementor-element-6026f79\" data-id=\"6026f79\" data-element_type=\"column\">\n\t\t\t<div class=\"elementor-widget-wrap elementor-element-populated\">\n\t\t\t\t\t\t\t\t<div class=\"elementor-element elementor-element-b7a6133 elementor-align-left elementor-widget elementor-widget-arcdeco-started-section\" data-id=\"b7a6133\" data-element_type=\"widget\" data-widget_type=\"arcdeco-started-section.default\">\n\t\t\t\t<div class=\"elementor-widget-container\">\n\t\t\t\n\t\t<header class=\"header-page\">\n\t\t    <div class=\"container\">\n\t\t\t    <div class=\"row\">\n\t\t\t    \t\t\t\t\t    <div class=\"col-12\">\n\t                    <h1 class=\"title title--display-1 js-lines\">\n\t                    \t<span >\n\t                    \t\tQue servicios tenemos para ofrecerte?\t                    \t<\/span>\n\t                    <\/h1>\n\t\t\t\t\t<\/div>\n\t\t\t\t\t\t\t\t\t\t\t\t\t\t\t<div class=\"col-12\">\n\t\t\t\t\t    <div class=\"foreword js-lines\">\n\t\t\t\t\t    \t<div >\n\t\t\t\t\t    \t\t<p style=\"text-align: justify\">Todo empieza con una idea, y a trav\u00e9s de la arquitectura la hacemos realidad. Cu\u00e9ntanos tus sue\u00f1os y perm\u00edtenos convertirlo en una obra de arte.<\/p>\t\t\n\t\t\t\t\t    \t<\/div>\n\t\t\t\t\t    <\/div>\n\t\t\t\t\t<\/div>\n\t\t\t\t\t                <\/div>\n            <\/div>\t\t\t\t\n\t\t\t<div class=\"image-gutter\">\n\t\t\t\t\t\t\t    <div class=\"reveal-box\">\n\t\t\t        <img decoding=\"async\" class=\"cover\" src=\"https:\/\/lopezerazo.com\/wp-content\/uploads\/2020\/03\/slider_image_08-scaled-1-1920x1280.jpg\" alt=\"Servicios\" \/>\n\t\t\t\t    <span class=\"reveal-overlay\"><\/span>\n\t\t\t\t<\/div>\n\t\t\t\t\t\t\t\t\t\t\t\t<span class=\"text-rotate\">\n\t\t\t\t\t<span >\n\t\t\t\t\t\tServicios\t\t\t\t\t<\/span>\n\t\t\t\t<\/span>\n\t\t\t\t\t\t\t<\/div>\n\t\t<\/header>\n\n\t\t\t\t<\/div>\n\t\t\t\t<\/div>\n\t\t\t\t\t<\/div>\n\t\t<\/div>\n\t\t\t\t\t\t\t<\/div>\n\t\t<\/section>\n\t\t\t\t<section class=\"elementor-section elementor-top-section elementor-element elementor-element-e53849d elementor-section-full_width elementor-section-height-default elementor-section-height-default\" data-id=\"e53849d\" data-element_type=\"section\">\n\t\t\t\t\t\t<div class=\"elementor-container elementor-column-gap-no\">\n\t\t\t\t\t<div class=\"elementor-column elementor-col-100 elementor-top-column elementor-element elementor-element-75c9c02\" data-id=\"75c9c02\" data-element_type=\"column\">\n\t\t\t<div class=\"elementor-widget-wrap elementor-element-populated\">\n\t\t\t\t\t\t\t\t<div class=\"elementor-element elementor-element-9558cc0 elementor-widget elementor-widget-arcdeco-button-footer\" data-id=\"9558cc0\" data-element_type=\"widget\" data-widget_type=\"arcdeco-button-footer.default\">\n\t\t\t\t<div class=\"elementor-widget-container\">\n\t\t\t\n\t\t<!-- Footer project -->\n\t\t<footer class=\"project-footer\">\n\t\t    <a href=\"http:\/\/wa.link\/7qc2gf\" class=\"project-footer__link\">\n                <h3 class=\"project-footer__title js-lines\">Dise\u00f1o<\/h3>\n\t\t\t\t<p class=\"js-lines\">Tienes algo en mente?<\/p>\n\t\t\t<\/a>\n\t\t<\/footer>\n\n\t\t\t\t<\/div>\n\t\t\t\t<\/div>\n\t\t\t\t\t<\/div>\n\t\t<\/div>\n\t\t\t\t\t\t\t<\/div>\n\t\t<\/section>\n\t\t\t\t<section class=\"elementor-section elementor-top-section elementor-element elementor-element-c0b9dfc elementor-section-full_width elementor-section-height-default elementor-section-height-default\" data-id=\"c0b9dfc\" data-element_type=\"section\">\n\t\t\t\t\t\t<div class=\"elementor-container elementor-column-gap-no\">\n\t\t\t\t\t<div class=\"elementor-column elementor-col-100 elementor-top-column elementor-element elementor-element-6607ff6\" data-id=\"6607ff6\" data-element_type=\"column\">\n\t\t\t<div class=\"elementor-widget-wrap elementor-element-populated\">\n\t\t\t\t\t\t\t\t<div class=\"elementor-element elementor-element-09434be elementor-widget elementor-widget-arcdeco-services-grid\" data-id=\"09434be\" data-element_type=\"widget\" data-widget_type=\"arcdeco-services-grid.default\">\n\t\t\t\t<div class=\"elementor-widget-container\">\n\t\t\t\t\t\n\t\t<!-- Services Grid -->\n\t\t<div class=\"container section-about\">\n\t\t\t\t\t    <div class=\"row justify-content-between\">\n\t\t\t    \t\t\t    <div class=\"col-12 col-md-5 service-item js-scroll-show\">\n\t\t\t\t    \t\t\t\t    <img decoding=\"async\" class=\"service-item__icon\" src=\"https:\/\/lopezerazo.com\/wp-content\/uploads\/2020\/03\/layers.png\" alt=\"Image\" \/>\n\t\t\t\t    \t\t\t\t    \t\t\t        <h3 class=\"title title--h4 js-lines\">\n\t\t\t        \t<span>\n\t\t\t        \t\tDise\u00f1o \t\t\t        \t<\/span>\n\t\t\t        <\/h3>\n\t\t\t        \t\t\t        \t\t\t\t\t<p class=\"description js-lines\">\n\t\t\t\t\t\t<span>\n\t\t\t\t\t\t\t- Dise\u00f1o arquitect\u00f3nico  <br>\n- Dise\u00f1o estructural <br>\n- Dise\u00f1o hidrosanitario<br>\n- Dise\u00f1o el\u00e9ctrico de baja y media tensi\u00f3n<br>\n- Direcci\u00f3n t\u00e9cnica en ejecuci\u00f3n de obra\n\t\t\t\t\t\t<\/span>\n\t\t\t\t\t<\/p>\n\t\t\t\t\t\t\t\t    <\/div>\n\t\t\t\t\t\t\t    <div class=\"col-12 col-md-5 service-item js-scroll-show\">\n\t\t\t\t    \t\t\t\t    <img decoding=\"async\" class=\"service-item__icon\" src=\"https:\/\/lopezerazo.com\/wp-content\/uploads\/2020\/03\/cube-1.png\" alt=\"Image\" \/>\n\t\t\t\t    \t\t\t\t    \t\t\t        <h3 class=\"title title--h4 js-lines\">\n\t\t\t        \t<span>\n\t\t\t        \t\tTopograf\u00eda\n\t\t\t        \t<\/span>\n\t\t\t        <\/h3>\n\t\t\t        \t\t\t        \t\t\t\t\t<p class=\"description js-lines\">\n\t\t\t\t\t\t<span>\n\t\t\t\t\t\t\t- Levantamientos topogr\u00e1ficos (con estaci\u00f3n total o Arcmap)<br>\n- Delimitaciones de linderos<br>\n- Replanteo de puntos<br>\n- Subdivisi\u00f3n predial\n\t\t\t\t\t\t<\/span>\n\t\t\t\t\t<\/p>\n\t\t\t\t\t\t\t\t    <\/div>\n\t\t\t\t\t\t\t    <div class=\"col-12 col-md-5 service-item js-scroll-show\">\n\t\t\t\t    \t\t\t\t    <img decoding=\"async\" class=\"service-item__icon\" src=\"https:\/\/lopezerazo.com\/wp-content\/uploads\/2020\/03\/cube-2.png\" alt=\"Image\" \/>\n\t\t\t\t    \t\t\t\t    \t\t\t        <h3 class=\"title title--h4 js-lines\">\n\t\t\t        \t<span>\n\t\t\t        \t\tConstrucci\u00f3n de\t\t\t        \t<\/span>\n\t\t\t        <\/h3>\n\t\t\t        \t\t\t        \t\t\t\t\t<p class=\"description js-lines\">\n\t\t\t\t\t\t<span>\n\t\t\t\t\t\t\t- Viviendas unifamiliares y multifamiliares<br>\n- Edificios de uso mixto (comercial, administraci\u00f3n, vivienda)<br>\n- Remodelaciones\n\t\t\t\t\t\t<\/span>\n\t\t\t\t\t<\/p>\n\t\t\t\t\t\t\t\t    <\/div>\n\t\t\t\t\t\t\t    <div class=\"col-12 col-md-5 service-item js-scroll-show\">\n\t\t\t\t    \t\t\t\t    <img decoding=\"async\" class=\"service-item__icon\" src=\"https:\/\/lopezerazo.com\/wp-content\/uploads\/2020\/03\/cube-3.png\" alt=\"Image\" \/>\n\t\t\t\t    \t\t\t\t    \t\t\t        <h3 class=\"title title--h4 js-lines\">\n\t\t\t        \t<span>\n\t\t\t        \t\tBienes Ra\u00edces\t\t\t        \t<\/span>\n\t\t\t        <\/h3>\n\t\t\t        \t\t\t        \t\t\t\t\t<p class=\"description js-lines\">\n\t\t\t\t\t\t<span>\n\t\t\t\t\t\t\tCompra y venta de bienes raices\t\t\t\t\t\t<\/span>\n\t\t\t\t\t<\/p>\n\t\t\t\t\t\t\t\t    <\/div>\n\t\t\t\t\t\t\t\n\t\t\t<\/div>\n\t\t\t\t\n\t\t<\/div>\n\n\t\t\t\t<\/div>\n\t\t\t\t<\/div>\n\t\t\t\t<div class=\"elementor-element elementor-element-564ecdb elementor-widget elementor-widget-arcdeco-button-footer\" data-id=\"564ecdb\" data-element_type=\"widget\" data-widget_type=\"arcdeco-button-footer.default\">\n\t\t\t\t<div class=\"elementor-widget-container\">\n\t\t\t\n\t\t<!-- Footer project -->\n\t\t<footer class=\"project-footer\">\n\t\t    <a href=\"http:\/\/wa.link\/7qc2gf\" class=\"project-footer__link\">\n                <h3 class=\"project-footer__title js-lines\">Escr\u00edbenos<\/h3>\n\t\t\t\t<p class=\"js-lines\">Tienes algo en mente?<\/p>\n\t\t\t<\/a>\n\t\t<\/footer>\n\n\t\t\t\t<\/div>\n\t\t\t\t<\/div>\n\t\t\t\t\t<\/div>\n\t\t<\/div>\n\t\t\t\t\t\t\t<\/div>\n\t\t<\/section>\n\t\t\t\t\t\t<\/div>\n\t\t\t\t\t<\/div>\n\t\t","protected":false},"excerpt":{"rendered":"<p>Que servicios tenemos para ofrecerte? Todo empieza con una idea, y a trav\u00e9s de la arquitectura la hacemos realidad. Cu\u00e9ntanos tus sue\u00f1os y perm\u00edtenos convertirlo en una obra de arte. Servicios Dise\u00f1o Tienes algo en mente? Dise\u00f1o &#8211; Dise\u00f1o arquitect\u00f3nico &#8211; Dise\u00f1o estructural &#8211;&#8230; <\/p>\n<div><a href=\"https:\/\/lopezerazo.com\/index.php\/services\/\" class=\"btn-link\">READ MORE<\/a><\/div>\n","protected":false},"author":1,"featured_media":0,"parent":0,"menu_order":0,"comment_status":"closed","ping_status":"closed","template":"template-layout-builder.php","meta":{"om_disable_all_campaigns":false,"_monsterinsights_skip_tracking":false,"_monsterinsights_sitenote_active":false,"_monsterinsights_sitenote_note":"","_monsterinsights_sitenote_category":0,"footnotes":""},"_links":{"self":[{"href":"https:\/\/lopezerazo.com\/index.php\/wp-json\/wp\/v2\/pages\/84"}],"collection":[{"href":"https:\/\/lopezerazo.com\/index.php\/wp-json\/wp\/v2\/pages"}],"about":[{"href":"https:\/\/lopezerazo.com\/index.php\/wp-json\/wp\/v2\/types\/page"}],"author":[{"embeddable":true,"href":"https:\/\/lopezerazo.com\/index.php\/wp-json\/wp\/v2\/users\/1"}],"replies":[{"embeddable":true,"href":"https:\/\/lopezerazo.com\/index.php\/wp-json\/wp\/v2\/comments?post=84"}],"version-history":[{"count":16,"href":"https:\/\/lopezerazo.com\/index.php\/wp-json\/wp\/v2\/pages\/84\/revisions"}],"predecessor-version":[{"id":1179,"href":"https:\/\/lopezerazo.com\/index.php\/wp-json\/wp\/v2\/pages\/84\/revisions\/1179"}],"wp:attachment":[{"href":"https:\/\/lopezerazo.com\/index.php\/wp-json\/wp\/v2\/media?parent=84"}],"curies":[{"name":"wp","href":"https:\/\/api.w.org\/{rel}","templated":true}]}}